t is -25 - 161055?
-161102
In base 4, what is -13332023130 - -2?
-13332023122
In base 13, what is -2 + 1021a?
10218
In base 3, what is -22201 + -1210?
-101111
In base 13, what is -7764 + -30?
-7794
In base 16, what is -9 - 85?
-8e
In base 3, what is -121 + 1001102?
1000211
In base 6, what is 32134353 + 4?
32134401
In base 11, what is -a835 + -6?
-a840
In base 3, what is -11 - -12120101212?
12120101201
In base 9, what is -1 - 108784?
-108785
In base 3, what is -2 - -12021121102?
12021121100
In base 3, what is 10110002122 - 2?
10110002120
In base 10, what is -43 + -622?
-665
In base 8, what is 74 - 26106?
-26012
In base 12, what is 59 + -7787?
-772a
In base 5, what is 112021 - 21431?
40040
In base 10, what is 174155 + 5?
174160
In base 4, what is -23 - 1032212?
-1032301
In base 15, what is 0 - -24cd9?
24cd9
In base 8, what is 50203 - -1?
50204
In base 13, what is 13 + -3007?
-2cc4
In base 3, what is 11121012202 - 0?
11121012202
In base 13, what is -542 + b7?
-458
In base 9, what is 5 - 35210?
-35204
In base 11, what is 3 - 4a902a?
-4a9027
In base 15, what is 23eb + -8?
23e3
In base 7, what is -14530 + -61?
-14621
In base 12, what is -124098 + 3?
-124095
In base 6, what is -31101 + -1241?
-32342
In base 6, what is -5 + -24445?
-24454
In base 6, what is 132244 + -3?
132241
In base 10, what is 381475 + -4?
381471
In base 7, what is -14340 - 16?
-14356
In base 12, what is -231 + -903?
-b34
In base 3, what is -211021221102 - 1?
-211021221110
In base 8, what is -5 - -40726?
40721
In base 12, what is 0 - -4042?
4042
In base 4, what is 210113 - -32?
210211
In base 15, what is -44b40 + -4?
-44b44
In base 4, what is -10 - -2100?
2030
In base 8, what is 4264034 - 4?
4264030
In base 11, what is 14 + -a9?
-95
In base 8, what is 0 + 13667?
13667
In base 6, what is 3 - 312024?
-312021
In base 13, what is 8 - -137a?
1385
In base 4, what is -3 - -122322233?
122322230
In base 12, what is -5842 - 14b?
-5991
In base 11, what is 4 - -425?
429
In base 2, what is -110 - 11111010001?
-11111010111
In base 5, what is -423 + -401?
-1324
In base 12, what is 3 - -7332?
7335
In base 5, what is -13 + 123124?
123111
In base 16, what is -3 + -12fd?
-1300
In base 9, what is 2 - 1703522?
-1703520
In base 8, what is -220 + 606?
366
In base 14, what is b9 - d5?
-1a
In base 14, what is c + -1bca2?
-1bc94
In base 7, what is 6 + 306605?
306614
In base 6, what is -415 - -251?
-124
In base 5, what is -33403402 - 40?
-33403442
In base 4, what is 3111302030 - 0?
3111302030
In base 2, what is -10001101001011010 - 1?
-10001101001011011
In base 14, what is 3b891c - 5?
3b8917
In base 16, what is -10e5 - -16?
-10cf
In base 11, what is -1 - -2417?
2416
In base 15, what is 182 + 449?
5cb
In base 10, what is -20749 + 2?
-20747
In base 14, what is 13 + 1082?
1095
In base 4, what is 101 - -101212?
101313
In base 4, what is -10131023220 - 2?
-10131023222
In base 15, what is 209b + -32?
2069
In base 9, what is -1343 + -250?
-1603
In base 14, what is 3b + -b8?
-7b
In base 12, what is -23283 + -4?
-23287
In base 7, what is 31 + -101062?
-101031
In base 7, what is -600454 + -21?
-600505
In base 3, what is -110112000 + 1001?
-110110222
In base 13, what is 6 - -8b9bc?
8b9c5
In base 13, what is -1152 + 194?
-c8b
In base 7, what is -130126 + 50?
-130046
In base 7, what is -31 - -13265?
13234
In base 4, what is 1 + 3123113022?
3123113023
In base 3, what is 10021 - 212200?
-202102
In base 15, what is 59 - -de?
148
In base 6, what is 5 - 443444?
-443435
In base 6, what is 3553223 - 4?
3553215
In base 15, what is 3 - -2d24?
2d27
In base 9, what is 1082 + -336?
645
In base 9, what is 318 + 186?
515
In base 4, what is 10120 - -102003?
112123
In base 16, what is -1b3 - -b?
-1a8
In base 5, what is -2 - 333004024?
-333004031
In base 7, what is 34426 + -22?
34404
In base 13, what is 1 - 1435?
-1434
In base 6, what is 2551 - -312?
3303
In base 16, what is 9 - -817a?
8183
In base 5, what is 243 + -10342?
-10044
In base 8, what is 1472 - 100?
1372
In base 11, what is -aa67 + -4?
-aa70
In base 14, what is -6 - 72?
-78
In base 15, what is -5652 - -4?
-564d
In base 4, what is -113 + -13211120?
-13211233
In base 15, what is -8b0 - -689?
-226
In base 16, what is -4 - -7a09?
7a05
In base 2, what is -111000010 + 110001?
-110010001
In base 14, what is 7 + -4706?
-46dd
In base 6, what is 123 - -31153?
31320
In base 7, what is 3 + 211101?
211104
In base 16, what is -f8dc + 2?
-f8da
In base 13, what is -5 + -12670?
-12675
In base 9, what is 1 - -6755?
6756
In base 4, what is -3023110 + 20?
-3023030
In base 5, what is 3 - -110022?
110030
In base 8, what is 40 - 7777?
-7737
In base 2, what is 1101101 + 1010110010?
1100011111
In base 6, what is -105 - 10421?
-10530
In base 5, what is 3 - -1031300?
1031303
In base 7, what is -10122 + -16?
-10141
In base 15, what is 2669 + e?
2678
In base 9, what is 143847 + -37?
143810
In base 9, what is 356703 + 2?
356705
In base 3, what is 1100111 + -112010?
211101
In base 15, what is 1 - 1717?
-1716
In base 11, what is 4 + -20a387?
-20a383
In base 3, what is -102 + -122120211?
-122121020
In base 5, what is 3140 + -120401?
-112211
In base 15, what is 1 - 76ea2?
-76ea1
In base 5, what is 13 + -441201?
-441133
In base 15, what is 49b + -19ca?
-152e
In base 4, what is -13 + 31110320?
31110301
In base 2, what is -111101 + 111?
-110110
In base 6, what is -3012 - 10055?
-13111
In base 8, what is 21 + 40760?
41001
In base 15, what is 3 - 5de?
-5db
In base 3, what is 10220001000 - 20?
10220000210
In base 7, what is -1 + 2321426?
2321425
In base 13, what is 1 + -1214?
-1213
In base 5, what is -24022 - 234?
-24311
In base 6, what is 2 - -1532525?
1532531
In base 14, what is ac6 - -77?
b5d
In base 6, what is 31240335 + -4?
31240331
In base 14, what is -27 + -43a19?
-43a42
In base 2, what is 1010110001100 - 11?
1010110001001
In base 2, what is 10000110001 + -10010101?
1110011100
In base 4, what is -133200 - -223?
-132311
In base 14, what is 2956 - -7?
295d
In base 9, what is 68 + -3045?
-2866
In base 5, what is -10 + -1022034?
-1022044
In base 2, what is 1011010110010100000 - -1?
1011010110010100001
In base 11, what is 2429 + 0?
2429
In base 10, what is -5 - -284389?
284384
In base 16, what is 3eb4 + 8?
3ebc
In base 5, what is 10 - -110014?
110024
In base 8, what is 1511 + -64?
1425
In base 12, what is -6a05 + 5?
-6a00
In base 14, what is -440 - 128?
-568
In base 10, what is 19449 + -151?
19298
In base 8, what is -44351 + 24?
-44325
In base 6, what is -2 - 454423?
-454425
In base 13, what is -1 - 30062?
-30063
In base 6, what is 50 - 2045124?
-2045034
In base 11, what is -127 + -3345?
-3471
In base 4, what is -31120021 + 10?
-31120011
In base 4, what is 21311 - -1032?
23003
In base 11, what is -4 - 20153?
-20157
In base 2, what is 1010110000010 - -10000100?
1011000000110
In base 10, what is -511181 - 0?
-511181
In base 14, what is -6 - 32991?
-32997
In base 10, what is 17979 - 8?
17971
In base 14, what is -a3953 - 0?
-a3953
In base 10, what is -510 + -2023?
-2533
In base 13, what is b041 - c?
b032
In base 3, what is 101 - 222211002?
-222210201
In base 10, what is -93046 - 4?
-93050
In base 4, what is -1033311201 + -11?
-1033311212
In base 6, what is 125 - 11011?
-10442
In base 6, what is -45451 - 121?
-50012
In base 5, what is 14 - -102443?
103012
In base 5, what is -3 + -333203?
-333211
In base 8, what is 52470 - -3?
52473
In base 9, what is -481 - -30?
-451
In base 7, what is 520423 + 10?
520433
In base 10, what is 664 - 503?
161
In base 2, what is 1001 - -101001110?
101010111
In base 16, what is 54 + -275f?
-270b
In base 7, what is 125355 + 135?
125523
In base 16, what is e + edb1?
edbf
In base 6, what is -11454454 + -1?
-11454455
In base 16, what is -7b3 + -5?
-7b8
In base 4, what is -200121 + -1212?
-201333
In base 3, what is 222 - 211211211?
-211210212
In base 12, what is 4 + -61b92?
-61b8a
In base 4, what is -223201 - -21?
-223120
In base 16, what is 5e54 - 7?
5e4d
In base 13, what is -39 - 680?
-6b9
In base 15, what is 11a + 47?
162
In base 3, what is -1 - -1200112012221?
1200112012220
In base 11, what is -3aaa + 0?
-3aaa
In base 7, what is -1 + 23012?
23011
In base 11, what is aa - 19289?
-1918a
In base 5, what is -2330 + 20044?
12214
In base 11, what is -1534 + 27a?
-1265
In base 7, what is -5002